689910?
2
What is the thousands digit of 211122?
1
What is the ten thousands digit of 25442?
2
What is the hundreds digit of 534647?
6
What is the hundreds digit of 163419?
4
What is the hundreds digit of 15463329?
3
What is the millions digit of 16885621?
6
What is the units digit of 124707?
7
What is the tens digit of 365905?
0
What is the tens digit of 34661544?
4
What is the tens digit of 96583?
8
What is the thousands digit of 893861?
3
What is the millions digit of 1145626?
1
What is the hundreds digit of 524050?
0
What is the tens digit of 858727?
2
What is the millions digit of 1054597?
1
What is the units digit of 14610215?
5
What is the units digit of 1128342?
2
What is the hundreds digit of 94138?
1
What is the ten thousands digit of 5820799?
2
What is the ten thousands digit of 289826?
8
What is the hundred thousands digit of 304446?
3
What is the hundreds digit of 10258743?
7
What is the hundreds digit of 202492?
4
What is the hundreds digit of 524348?
3
What is the units digit of 225288?
8
What is the ten thousands digit of 12443412?
4
What is the hundreds digit of 270608?
6
What is the hundred thousands digit of 101630?
1
What is the hundred thousands digit of 534350?
5
What is the millions digit of 15827373?
5
What is the millions digit of 2908129?
2
What is the ten thousands digit of 9201388?
0
What is the hundreds digit of 32835?
8
What is the ten thousands digit of 213071?
1
What is the thousands digit of 35121?
5
What is the millions digit of 26054803?
6
What is the hundred thousands digit of 656561?
6
What is the hundred thousands digit of 113949?
1
What is the ten thousands digit of 708269?
0
What is the ten thousands digit of 1482142?
8
What is the hundreds digit of 1035274?
2
What is the tens digit of 5240731?
3
What is the units digit of 181805?
5
What is the hundreds digit of 190588?
5
What is the ten thousands digit of 21516?
2
What is the units digit of 391266?
6
What is the hundred thousands digit of 13986076?
9
What is the thousands digit of 3340450?
0
What is the ten thousands digit of 6827195?
2
What is the thousands digit of 193455?
3
What is the ten millions digit of 11942447?
1
What is the tens digit of 430901?
0
What is the tens digit of 370748?
4
What is the ten thousands digit of 283887?
8
What is the tens digit of 240099?
9
What is the units digit of 458536?
6
What is the hundred thousands digit of 5277636?
2
What is the units digit of 696553?
3
What is the ten thousands digit of 160039?
6
What is the hundreds digit of 19714?
7
What is the hundreds digit of 17465?
4
What is the hundreds digit of 46752?
7
What is the units digit of 2190174?
4
What is the ten thousands digit of 279110?
7
What is the millions digit of 38158905?
8
What is the tens digit of 327660?
6
What is the millions digit of 29746186?
9
What is the units digit of 25143283?
3
What is the tens digit of 1851390?
9
What is the hundred thousands digit of 1620542?
6
What is the thousands digit of 536923?
6
What is the hundreds digit of 58190?
1
What is the units digit of 267185?
5
What is the millions digit of 5484940?
5
What is the hundreds digit of 180378?
3
What is the millions digit of 3814286?
3
What is the units digit of 1522565?
5
What is the hundred thousands digit of 1094266?
0
What is the hundreds digit of 256233?
2
What is the units digit of 2494290?
0
What is the hundred thousands digit of 682357?
6
What is the hundreds digit of 3286278?
2
What is the hundred thousands digit of 187678?
1
What is the units digit of 203375?
5
What is the millions digit of 41538126?
1
What is the hundred thousands digit of 135106?
1
What is the thousands digit of 238183?
8
What is the units digit of 3936732?
2
What is the hundreds digit of 11337416?
4
What is the millions digit of 16632227?
6
What is the tens digit of 4882371?
7
What is the millions digit of 2868807?
2
What is the tens digit of 7265650?
5
What is the tens digit of 718397?
9
What is the thousands digit of 4753070?
3
What is the units digit of 261894?
4
What is the thousands digit of 790070?
0
What is the ten thousands digit of 19588650?
8
What is the tens digit of 581018?
1
What is the units digit of 7596960?
0
What is the ten thousands digit of 2275597?
7
What is the thousands digit of 3573489?
3
What is the tens digit of 5717455?
5
What is the ten thousands digit of 1967281?
6
What is the thousands digit of 1313298?
3
What is the ten thousands digit of 13933950?
3
What is the ten thousands digit of 236934?
3
What is the hundred thousands digit of 14253607?
2
What is the tens digit of 5202235?
3
What is the thousands digit of 1740959?
0
What is the thousands digit of 6867358?
7
What is the tens digit of 755614?
1
What is the tens digit of 134520?
2
What is the thousands digit of 6652433?
2
What is the hundred thousands digit of 118917?
1
What is the hundreds digit of 133712?
7
What is the thousands digit of 620081?
0
What is the hundreds digit of 346542?
5
What is the hundred thousands digit of 391114?
3
What is the ten thousands digit of 106502?
0
What is the thousands digit of 221501?
1
What is the thousands digit of 118739?
8
What is the hundreds digit of 507209?
2
What is the hundred thousands digit of 1024656?
0
What is the ten millions digit of 16207525?
1
What is the hundreds digit of 1541541?
5
What is the tens digit of 222081?
8
What is the units digit of 6577772?
2
What is the hundreds digit of 1750550?
5
What is the hundred thousands digit of 4069632?
0
What is the hundred thousands digit of 379917?
3
What is the tens digit of 209159?
5
What is the millions digit of 2314844?
2
What is the thousands digit of 2628947?
8
What is the tens digit of 213691?
9
What is the ten thousands digit of 91895?
9
What is the ten thousands digit of 3555035?
5
What is the tens digit of 5520?
2
What is the millions digit of 2715425?
2
What is the tens digit of 117454?
5
What is the ten thousands digit of 565635?
6
What is the ten thousands digit of 2063068?
6
What is the hundred thousands digit of 15153766?
1
What is the units digit of 13466167?
7
What is the units digit of 615302?
2
What is the hundreds digit of 1204679?
6
What is the units digit of 82784?
4
What is the units digit of 495481?
1
What is the millions digit of 12253688?
2
What is the hundred thousands digit of 10067817?
0
What is the tens digit of 165869?
6
What is the thousands digit of 88144?
8
What is the hundred thousands digit of 13490946?
4
What is the units digit of 71?
1
What is the tens digit of 2873282?
8
What is the tens digit of 1993533?
3
What is the hundreds digit of 303122?
1
What is the hundred thousands digit of 8185312?
1
What is the units digit of 12608134?
4
What is the hundreds digit of 217927?
9
What is the thousands digit of 8046413?
6
What is the ten thousands digit of 2105717?
0
What is the ten thousands digit of 499803?
9
What is the hundreds digit of 582417?
4
What is the hundreds digit of 10995538?
5
What is the tens digit of 535943?
4
What is the tens digit of 15735904?
0
What is the thousands digit of 2852202?
2
What is the thousands digit of 137661?
7
What is the hundred thousands digit of 1689201?
6
What is the thousands digit of 261207?
1
What is the tens digit of 1934014?
1
What is the ten thousands digit of 3537399?
3
What is the tens digit of 2852201?
0
What is the millions digit of 3207822?
3
What is the hundred thousands digit of 643940?
6
What is the hundreds digit of 5716026?
0
What is the thousands digit of 137235?
7
What is the hundred thousands digit of 4621394?
6
What is the units digit of 6646316?
6
What is the thousands digit of 2252678?
2
What is the hundreds digit of 2510725?
7
What is the hundred thousands digit of 335597?
3
What is the thousands digit of 2704006?
4
What is the thousands digit of 8971215?
1
What is the millions digit of 6334355?
6
What is the units digit of 1869014?
4
What is the thousands digit of 119569?
9
What is the tens digit of 1689455?
5
What is the millions digit of 1026456?
1
What is the ten millions digit of 26915528?
2
What is the hundred thousands digit of 22813023?
8
What is the hundred thousands digit of 2238910?
2
What is the tens digit of 77345?
4
What is the thousands digit of 492480?
2
What is the hundred thousands digit of 7841355?
8
What is